{"id":106,"date":"2024-12-27T11:06:01","date_gmt":"2024-12-27T10:06:01","guid":{"rendered":"https:\/\/corbas-crosstraining.com\/?page_id=106"},"modified":"2024-12-27T11:06:02","modified_gmt":"2024-12-27T10:06:02","slug":"mentions-legales","status":"publish","type":"page","link":"https:\/\/corbas-crosstraining.com\/?page_id=106","title":{"rendered":"Mentions l\u00e9gales"},"content":{"rendered":"\n<h4 class=\"wp-block-heading\">Informations G\u00e9n\u00e9rales<\/h4>\n\n\n\n<p><strong>Nom de l&rsquo;association :<\/strong> Corbas-CrossTraining 69 <br><strong>Adresse :<\/strong> [Adresse compl\u00e8te]<br><strong>T\u00e9l\u00e9phone :<\/strong> [Num\u00e9ro de t\u00e9l\u00e9phone]<br><strong>Adresse \u00e9lectronique :<\/strong> <a>contact@corbas-crosstraining.com<\/a><br><strong>Directeur de la publication :<\/strong> Hars Allan <br><strong>H\u00e9bergement :<\/strong> OVHcloud 2 rue Kellermann, 59100 Roubaix, France<\/p>\n\n\n\n<h4 class=\"wp-block-heading\">Conditions d\u2019Utilisation<\/h4>\n\n\n\n<p>L\u2019utilisation de ce site est r\u00e9serv\u00e9e \u00e0 un usage personnel et non commercial. Les contenus de ce site, incluant, sans limitation, les images, textes, vid\u00e9os, logos, et ic\u00f4nes sont la propri\u00e9t\u00e9 de Corbas-Crosstraining 69 sauf mention contraire.<\/p>\n\n\n\n<h4 class=\"wp-block-heading\">Propri\u00e9t\u00e9 Intellectuelle<\/h4>\n\n\n\n<p>Tous les \u00e9l\u00e9ments de ce site, y compris les textes, images, graphismes, logos, ic\u00f4nes, sons, logiciels, sont la propri\u00e9t\u00e9 de Corbas CrossTraining 69 et sont prot\u00e9g\u00e9s par la l\u00e9gislation internationale de la propri\u00e9t\u00e9 intellectuelle. La reproduction, repr\u00e9sentation, modification, publication, adaptation de tout ou partie des \u00e9l\u00e9ments du site, quel que soit le moyen ou le proc\u00e9d\u00e9 utilis\u00e9, est interdite, sauf autorisation \u00e9crite pr\u00e9alable de Corbas CrossTraining 69.<\/p>\n\n\n\n<h4 class=\"wp-block-heading\">Limitations de Responsabilit\u00e9<\/h4>\n\n\n\n<p>Corbas CrossTraining 69 ne pourra \u00eatre tenue responsable des dommages directs et indirects caus\u00e9s au mat\u00e9riel de l&rsquo;utilisateur, lors de l&rsquo;acc\u00e8s au site internet de Corbas CrossTraining 69. Des informations concernant le site sont susceptibles d\u2019\u00eatre modifi\u00e9es sans pr\u00e9avis et sont mises \u00e0 disposition sans aucune garantie, explicite ou implicite, de validit\u00e9, de compl\u00e9tude ou d&rsquo;actualit\u00e9.<\/p>\n\n\n\n<h4 class=\"wp-block-heading\">Gestion des donn\u00e9es personnelles<\/h4>\n\n\n\n<p>Dans une logique de respect de la vie priv\u00e9e de ses utilisateurs, Corbas CrossTraining 69 s\u2019engage \u00e0 ce que la collecte et le traitement d\u2019informations personnelles, effectu\u00e9s au sein de ce site, soient effectu\u00e9s conform\u00e9ment \u00e0 la loi n\u00b0 78-17 du 6 janvier 1978 relative \u00e0 l\u2019informatique, aux fichiers et aux libert\u00e9s, dite Loi \u00ab Informatique et Libert\u00e9s \u00bb. Conform\u00e9ment \u00e0 la loi fran\u00e7aise, les utilisateurs disposent d\u2019un droit d\u2019acc\u00e8s, de rectification, de suppression et d\u2019opposition \u00e0 leurs donn\u00e9es personnelles. Les utilisateurs peuvent exercer ce droit en contactant <a>contact@corbas-crosstraining.com<\/a>.<\/p>\n\n\n\n<h4 class=\"wp-block-heading\">Liens hypertextes<\/h4>\n\n\n\n<p>Les sites externes ayant des liens hypertextes vers le site de Cross Training Corbas ne sont pas sous contr\u00f4le de Cross Training Corbas, qui par cons\u00e9quent d\u00e9cline toute responsabilit\u00e9 quant \u00e0 leur contenu. L\u2019utilisateur est seul responsable de leur utilisation.<\/p>\n","protected":false},"excerpt":{"rendered":"<p>Informations G\u00e9n\u00e9rales Nom de l&rsquo;association : Corbas-CrossTraining 69 Adresse : [Adresse compl\u00e8te]T\u00e9l\u00e9phone : [Num\u00e9ro de t\u00e9l\u00e9phone]Adresse \u00e9lectronique : contact@corbas-crosstraining.comDirecteur de la publication : Hars Allan H\u00e9bergement : OVHcloud 2 rue Kellermann, 59100 Roubaix, France Conditions d\u2019Utilisation L\u2019utilisation de ce site est r\u00e9serv\u00e9e \u00e0 un usage personnel et non commercial. Les contenus de ce site, incluant, &hellip; <\/p>\n<p class=\"link-more\"><a href=\"https:\/\/corbas-crosstraining.com\/?page_id=106\" class=\"more-link\">Lire la suite de<span class=\"screen-reader-text\">\u00ab\u00a0Mentions l\u00e9gales\u00a0\u00bb<\/span><\/a><\/p>\n","protected":false},"author":2,"featured_media":0,"parent":0,"menu_order":0,"comment_status":"closed","ping_status":"closed","template":"","meta":{"footnotes":""},"class_list":["post-106","page","type-page","status-publish","hentry"],"yoast_head":"<!-- This site is optimized with the Yoast SEO plugin v27.4 - https:\/\/yoast.com\/product\/yoast-seo-wordpress\/ -->\n<title>Mentions l\u00e9gales - Corbas CrossTraining<\/title>\n<meta name=\"robots\" content=\"index, follow, max-snippet:-1, max-image-preview:large, max-video-preview:-1\" \/>\n<link rel=\"canonical\" href=\"https:\/\/corbas-crosstraining.com\/?page_id=106\" \/>\n<meta property=\"og:locale\" content=\"fr_FR\" \/>\n<meta property=\"og:type\" content=\"article\" \/>\n<meta property=\"og:title\" content=\"Mentions l\u00e9gales - Corbas CrossTraining\" \/>\n<meta property=\"og:description\" content=\"Informations G\u00e9n\u00e9rales Nom de l&rsquo;association : Corbas-CrossTraining 69 Adresse : [Adresse compl\u00e8te]T\u00e9l\u00e9phone : [Num\u00e9ro de t\u00e9l\u00e9phone]Adresse \u00e9lectronique : contact@corbas-crosstraining.comDirecteur de la publication : Hars Allan H\u00e9bergement : OVHcloud 2 rue Kellermann, 59100 Roubaix, France Conditions d\u2019Utilisation L\u2019utilisation de ce site est r\u00e9serv\u00e9e \u00e0 un usage personnel et non commercial. Les contenus de ce site, incluant, &hellip; Lire la suite de\u00ab\u00a0Mentions l\u00e9gales\u00a0\u00bb\" \/>\n<meta property=\"og:url\" content=\"https:\/\/corbas-crosstraining.com\/?page_id=106\" \/>\n<meta property=\"og:site_name\" content=\"Corbas CrossTraining\" \/>\n<meta property=\"article:modified_time\" content=\"2024-12-27T10:06:02+00:00\" \/>\n<meta name=\"twitter:card\" content=\"summary_large_image\" \/>\n<meta name=\"twitter:label1\" content=\"Dur\u00e9e de lecture estim\u00e9e\" \/>\n\t<meta name=\"twitter:data1\" content=\"2 minutes\" \/>\n<script type=\"application\/ld+json\" class=\"yoast-schema-graph\">{\"@context\":\"https:\\\/\\\/schema.org\",\"@graph\":[{\"@type\":\"WebPage\",\"@id\":\"https:\\\/\\\/corbas-crosstraining.com\\\/?page_id=106\",\"url\":\"https:\\\/\\\/corbas-crosstraining.com\\\/?page_id=106\",\"name\":\"Mentions l\u00e9gales - Corbas CrossTraining\",\"isPartOf\":{\"@id\":\"https:\\\/\\\/corbas-crosstraining.com\\\/#website\"},\"datePublished\":\"2024-12-27T10:06:01+00:00\",\"dateModified\":\"2024-12-27T10:06:02+00:00\",\"breadcrumb\":{\"@id\":\"https:\\\/\\\/corbas-crosstraining.com\\\/?page_id=106#breadcrumb\"},\"inLanguage\":\"fr-FR\",\"potentialAction\":[{\"@type\":\"ReadAction\",\"target\":[\"https:\\\/\\\/corbas-crosstraining.com\\\/?page_id=106\"]}]},{\"@type\":\"BreadcrumbList\",\"@id\":\"https:\\\/\\\/corbas-crosstraining.com\\\/?page_id=106#breadcrumb\",\"itemListElement\":[{\"@type\":\"ListItem\",\"position\":1,\"name\":\"Accueil\",\"item\":\"https:\\\/\\\/corbas-crosstraining.com\\\/\"},{\"@type\":\"ListItem\",\"position\":2,\"name\":\"Mentions l\u00e9gales\"}]},{\"@type\":\"WebSite\",\"@id\":\"https:\\\/\\\/corbas-crosstraining.com\\\/#website\",\"url\":\"https:\\\/\\\/corbas-crosstraining.com\\\/\",\"name\":\"WordPress CorbasCrossTraining\",\"description\":\"Un site utilisant WordPress\",\"publisher\":{\"@id\":\"https:\\\/\\\/corbas-crosstraining.com\\\/#organization\"},\"potentialAction\":[{\"@type\":\"SearchAction\",\"target\":{\"@type\":\"EntryPoint\",\"urlTemplate\":\"https:\\\/\\\/corbas-crosstraining.com\\\/?s={search_term_string}\"},\"query-input\":{\"@type\":\"PropertyValueSpecification\",\"valueRequired\":true,\"valueName\":\"search_term_string\"}}],\"inLanguage\":\"fr-FR\"},{\"@type\":\"Organization\",\"@id\":\"https:\\\/\\\/corbas-crosstraining.com\\\/#organization\",\"name\":\"WordPress\",\"url\":\"https:\\\/\\\/corbas-crosstraining.com\\\/\",\"logo\":{\"@type\":\"ImageObject\",\"inLanguage\":\"fr-FR\",\"@id\":\"https:\\\/\\\/corbas-crosstraining.com\\\/#\\\/schema\\\/logo\\\/image\\\/\",\"url\":\"http:\\\/\\\/corbas-crosstraining.com\\\/wp-content\\\/uploads\\\/2024\\\/12\\\/LOGO-Asso-Corbas-CrossTraining.png\",\"contentUrl\":\"http:\\\/\\\/corbas-crosstraining.com\\\/wp-content\\\/uploads\\\/2024\\\/12\\\/LOGO-Asso-Corbas-CrossTraining.png\",\"width\":500,\"height\":500,\"caption\":\"WordPress\"},\"image\":{\"@id\":\"https:\\\/\\\/corbas-crosstraining.com\\\/#\\\/schema\\\/logo\\\/image\\\/\"}}]}<\/script>\n<!-- \/ Yoast SEO plugin. -->","yoast_head_json":{"title":"Mentions l\u00e9gales - Corbas CrossTraining","robots":{"index":"index","follow":"follow","max-snippet":"max-snippet:-1","max-image-preview":"max-image-preview:large","max-video-preview":"max-video-preview:-1"},"canonical":"https:\/\/corbas-crosstraining.com\/?page_id=106","og_locale":"fr_FR","og_type":"article","og_title":"Mentions l\u00e9gales - Corbas CrossTraining","og_description":"Informations G\u00e9n\u00e9rales Nom de l&rsquo;association : Corbas-CrossTraining 69 Adresse : [Adresse compl\u00e8te]T\u00e9l\u00e9phone : [Num\u00e9ro de t\u00e9l\u00e9phone]Adresse \u00e9lectronique : contact@corbas-crosstraining.comDirecteur de la publication : Hars Allan H\u00e9bergement : OVHcloud 2 rue Kellermann, 59100 Roubaix, France Conditions d\u2019Utilisation L\u2019utilisation de ce site est r\u00e9serv\u00e9e \u00e0 un usage personnel et non commercial. Les contenus de ce site, incluant, &hellip; Lire la suite de\u00ab\u00a0Mentions l\u00e9gales\u00a0\u00bb","og_url":"https:\/\/corbas-crosstraining.com\/?page_id=106","og_site_name":"Corbas CrossTraining","article_modified_time":"2024-12-27T10:06:02+00:00","twitter_card":"summary_large_image","twitter_misc":{"Dur\u00e9e de lecture estim\u00e9e":"2 minutes"},"schema":{"@context":"https:\/\/schema.org","@graph":[{"@type":"WebPage","@id":"https:\/\/corbas-crosstraining.com\/?page_id=106","url":"https:\/\/corbas-crosstraining.com\/?page_id=106","name":"Mentions l\u00e9gales - Corbas CrossTraining","isPartOf":{"@id":"https:\/\/corbas-crosstraining.com\/#website"},"datePublished":"2024-12-27T10:06:01+00:00","dateModified":"2024-12-27T10:06:02+00:00","breadcrumb":{"@id":"https:\/\/corbas-crosstraining.com\/?page_id=106#breadcrumb"},"inLanguage":"fr-FR","potentialAction":[{"@type":"ReadAction","target":["https:\/\/corbas-crosstraining.com\/?page_id=106"]}]},{"@type":"BreadcrumbList","@id":"https:\/\/corbas-crosstraining.com\/?page_id=106#breadcrumb","itemListElement":[{"@type":"ListItem","position":1,"name":"Accueil","item":"https:\/\/corbas-crosstraining.com\/"},{"@type":"ListItem","position":2,"name":"Mentions l\u00e9gales"}]},{"@type":"WebSite","@id":"https:\/\/corbas-crosstraining.com\/#website","url":"https:\/\/corbas-crosstraining.com\/","name":"WordPress CorbasCrossTraining","description":"Un site utilisant WordPress","publisher":{"@id":"https:\/\/corbas-crosstraining.com\/#organization"},"potentialAction":[{"@type":"SearchAction","target":{"@type":"EntryPoint","urlTemplate":"https:\/\/corbas-crosstraining.com\/?s={search_term_string}"},"query-input":{"@type":"PropertyValueSpecification","valueRequired":true,"valueName":"search_term_string"}}],"inLanguage":"fr-FR"},{"@type":"Organization","@id":"https:\/\/corbas-crosstraining.com\/#organization","name":"WordPress","url":"https:\/\/corbas-crosstraining.com\/","logo":{"@type":"ImageObject","inLanguage":"fr-FR","@id":"https:\/\/corbas-crosstraining.com\/#\/schema\/logo\/image\/","url":"http:\/\/corbas-crosstraining.com\/wp-content\/uploads\/2024\/12\/LOGO-Asso-Corbas-CrossTraining.png","contentUrl":"http:\/\/corbas-crosstraining.com\/wp-content\/uploads\/2024\/12\/LOGO-Asso-Corbas-CrossTraining.png","width":500,"height":500,"caption":"WordPress"},"image":{"@id":"https:\/\/corbas-crosstraining.com\/#\/schema\/logo\/image\/"}}]}},"_links":{"self":[{"href":"https:\/\/corbas-crosstraining.com\/index.php?rest_route=\/wp\/v2\/pages\/106","targetHints":{"allow":["GET"]}}],"collection":[{"href":"https:\/\/corbas-crosstraining.com\/index.php?rest_route=\/wp\/v2\/pages"}],"about":[{"href":"https:\/\/corbas-crosstraining.com\/index.php?rest_route=\/wp\/v2\/types\/page"}],"author":[{"embeddable":true,"href":"https:\/\/corbas-crosstraining.com\/index.php?rest_route=\/wp\/v2\/users\/2"}],"replies":[{"embeddable":true,"href":"https:\/\/corbas-crosstraining.com\/index.php?rest_route=%2Fwp%2Fv2%2Fcomments&post=106"}],"version-history":[{"count":1,"href":"https:\/\/corbas-crosstraining.com\/index.php?rest_route=\/wp\/v2\/pages\/106\/revisions"}],"predecessor-version":[{"id":107,"href":"https:\/\/corbas-crosstraining.com\/index.php?rest_route=\/wp\/v2\/pages\/106\/revisions\/107"}],"wp:attachment":[{"href":"https:\/\/corbas-crosstraining.com\/index.php?rest_route=%2Fwp%2Fv2%2Fmedia&parent=106"}],"curies":[{"name":"wp","href":"https:\/\/api.w.org\/{rel}","templated":true}]}}